e t(-54).
-11
Let k(l) = -16*l**2 - 2*l + 2. Determine k(1).
-16
Let a(u) = u**2 + 21*u + 93. Give a(-6).
3
Let t(b) = -b**3 + 4*b**2 - 5*b + 9. Give t(3).
3
Let l(i) = 13*i - 1. Determine l(4).
51
Let s(z) = z**3 - 11*z**2 + 13*z - 1. Calculate s(10).
29
Let n(u) = -3*u**2 + 8*u - 3. Give n(-6).
-159
Let u(h) = -h**3 + 15*h**2 - 32*h + 259. What is u(14)?
7
Let z(t) = 2*t - 21. Give z(14).
7
Let g(x) = -3*x - 6. What is g(-2)?
0
Let b(r) = r**2 + 3*r - 1. Give b(-3).
-1
Let q(c) = -11*c + 7. Calculate q(4).
-37
Let k(m) = -m**3 + 14*m**2 + 21*m + 17. Give k(16).
-159
Let h(u) = u**3 - 7*u**2 + 7*u - 2. What is h(6)?
4
Let n(o) = -o**2 - 6*o - 16. Calculate n(-13).
-107
Let n(f) = f**3 - 8*f**2 + 9*f - 29. Calculate n(7).
-15
Let u(b) = -b**3 + 7*b**2 - b + 6. Determine u(6).
36
Let v(f) = f**3 + 15*f**2 + 27*f + 17. Give v(-13).
4
Let q(x) = 3*x - 3. Give q(-2).
-9
Let m(x) = x**3 + 6*x**2 - 14*x + 17. Determine m(-8).
1
Let q(o) = -o**3 - 5*o**2 + 4*o + 1. Give q(-6).
13
Let m(k) = -5*k**3 + k**2 + 2*k + 1. Calculate m(-1).
5
Let b(m) = m**3 + 6*m**2 + 7*m + 7. Calculate b(-5).
-3
Let s(r) = -3*r**3 + r**2 - r + 1. Determine s(1).
-2
Let j(a) = a**2 + 16*a + 2. What is j(-16)?
2
Let r(y) = -11*y + 115. Give r(11).
-6
Let g(x) = -x**2 + 24*x - 8. Calculate g(25).
-33
Let l(c) = -2*c - 28. What is l(-14)?
0
Let t(v) = 14*v**2 - 2*v + 3. Give t(1).
15
Let j(k) = -k**3 - 3*k**2 + 11*k + 14. Determine j(-6).
56
Let s(b) = b**3 + 25*b**2 + 25*b + 18. Give s(-24).
-6
Let z(k) = 5*k**2 - 3*k - 3. Calculate z(3).
33
Let f(h) = -h**2 + 14*h + 18. Calculate f(12).
42
Let s(z) = z**2 + 10*z - 3. Calculate s(-6).
-27
Let o(h) = h**3 - 12*h**2 + 11*h + 18. What is o(11)?
18
Let v(b) = -28*b + 22. Calculate v(-3).
106
Let w(d) = d**2 + 19*d - 60. Give w(-20).
-40
Let z(k) = -k**2 - 7*k + 16. Give z(-12).
-44
Let w(v) = 2*v**3 + v**2. Give w(-1).
-1
Let q(v) = v**2 - v - 6. Give q(3).
0
Let b(h) = -h - 9. Give b(-12).
3
Let y(j) = j**2 - 6*j + 2. Give y(3).
-7
Let m(j) = -5*j - 82. What is m(-19)?
13
Let i(x) = 2*x**3 - 3*x**2 - 3*x + 4. Give i(3).
22
Let n(u) = 3*u**2 + 17*u + 19. What is n(-6)?
25
Let t(w) = w + 15. Calculate t(0).
15
Let j(y) = -8*y + 48. Determine j(6).
0
Let w(z) = z**2 + z - 7. Give w(-4).
5
Let r(i) = -36*i**3 - i - 1. Determine r(-1).
36
Let y(v) = v**2 - 3*v + 5. Determine y(7).
33
Let d(t) = t**3 - t**2 + t - 31. Determine d(0).
-31
Let l(y) = y**2 + y + 4. Give l(-2).
6
Let c(v) = -v**2 - 50*v + 277. Calculate c(5).
2
Let s(f) = -f**3 + 9*f**2 - 15*f + 2. Calculate s(7).
-5
Let z(x) = x**2 + 14*x - 14. What is z(-16)?
18
Let c(q) = -14*q + 102. Calculate c(8).
-10
Let k(o) = -18*o + 3. Give k(2).
-33
Let z(t) = -36*t - 28. Determine z(-1).
8
Let c(v) = v**2 + 25*v - 11. Determine c(-26).
15
Let d(u) = -u**3 + 10*u**2 - 11*u + 20. Give d(9).
2
Let q(i) = i**3 - 3*i**2 + 2*i + 4. Calculate q(3).
10
Let v(c) = 11*c + 83. Calculate v(-8).
-5
Let z(a) = -a + 1. Determine z(2).
-1
Let v(p) = 143*p**2 - 3*p - 2. Determine v(-1).
144
Let a(d) = -d**2 - d - 27. Determine a(0).
-27
Let g(n) = -2*n**3 + 19*n**2 + 9*n + 17. Determine g(9).
179
Let m(z) = z**3 + 8*z**2 + 5*z - 2. What is m(-6)?
40
Let s(v) = 11*v**3 - v**2 - 39*v - 37. What is s(-1)?
-10
Let a(v) = -5*v + 3. Determine a(5).
-22
Let x(d) = 2*d**2 - 22*d + 10. What is x(10)?
-10
Let k(m) = -33*m - 61. Calculate k(-2).
5
Let a(c) = c**3 - 16*c**2 - c + 11. Give a(16).
-5
Let s(p) = 5*p**2 - 2*p - 2. Determine s(5).
113
Let m(r) = -7*r - 179. Give m(-21).
-32
Let y(f) = 104*f + 279. Calculate y(-3).
-33
Let h(n) = -n**3 - 8*n**2 + 5*n + 7. What is h(-6)?
-95
Let p(m) = -27*m + 8. Calculate p(2).
-46
Let u(x) = -2*x**2 - 8*x + 5. Give u(-4).
5
Let m(h) = -h**2 + 8*h + 10. Give m(9).
1
Let p(h) = 5*h**3 + h**2. What is p(1)?
6
Let m(q) = q**3 + 10*q**2 - 23*q - 39. Calculate m(-12).
-51
Let a(v) = 51*v - 107. Determine a(2).
-5
Let d(q) = -7*q**2 + 2*q + 2. What is d(-1)?
-7
Let u(v) = -v**2 - 8*v + 45. Determine u(-12).
-3
Let o(p) = -p**3 + 40*p**2 - 77*p + 33. Give o(38).
-5
Let d(z) = z**2 - 17*z + 39. Calculate d(13).
-13
Let x(o) = -3*o**2 - o + 7. Calculate x(3).
-23
Let b(j) = -2*j**2 + 67*j - 154. Give b(31).
1
Let g(z) = -z**3 - 9*z**2 - 2*z - 14. Give g(-9).
4
Let r(w) = w**3 - 6*w**2 - 10*w + 45. Give r(6).
-15
Let n(h) = -2*h**2 + 13*h - 23. Determine n(7).
-30
Let c(l) = -6*l - 10. Calculate c(0).
-10
Let g(a) = a + 18. Determine g(-12).
6
Let t(u) = -14*u - 149. Give t(-10).
-9
Let j(h) = h - 2. Give j(7).
5
Let b(q) = 10*q + 17. Calculate b(-7).
-53
Let o(a) = 3*a**2 - 6*a + 2. Give o(-4).
74
Let a(s) = s**3 + 16*s**2 + 59*s + 45. What is a(-4)?
1
Let l(n) = n**3 - 24*n**2 + 7*n - 31. What is l(24)?
137
Let o(q) = q**3 - 4*q**2 - 3*q - 11. Determine o(5).
-1
Let j(z) = z - 11. Calculate j(6).
-5
Let t(s) = -4*s - 14. Give t(-6).
10
Let c(i) = i - 6. Determine c(-4).
-10
Let x(g) = g**2 + 6*g + 20. Give x(-7).
27
Let w(n) = 20*n**2 + 23*n + 22. Give w(-1).
19
Let l(j) = -j**3 - 24*j**2 + 177*j + 14. Determine l(6).
-4
Let y(v) = -v**3 + 3*v**2 + 12*v + 13. Determine y(5).
23
Let t(h) = -h**3 + h - 2. Calculate t(0).
-2
Let m(y) = y**3 - 17*y**2 + 6*y - 94. Calculate m(17).
8
Let c(q) = -q - 14. Calculate c(-2).
-12
Let a(w) = w**2 - 31*w + 204. Give a(10).
-6
Let p(a) = a**2 - 14*a - 4. What is p(14)?
-4
Let b(h) = -h + 18. Calculate b(7).
11
Let h(d) = -d**2 + 8*d - 15. Determine h(7).
-8
Let l(g) = -3*g - 36. Give l(-9).
-9
Let k(o) = 3*o**2 - 83*o + 41. Calculate k(27).
-13
Let z(v) = 3*v + 54. Determine z(-17).
3
Let f(x) = -x**3 - 5*x**2 + 2*x - 2. Determine f(-6).
22
Let n(r) = 16*r + 2. Determine n(-1).
-14
Let y(x) = -23*x + 30. Determine y(2).
-16
Let k(f) = f**3 + 12*f**2 - 14*f - 21. Give k(-13).
-8
Let q(g) = -6*g - 14. What is q(6)?
-50
Let z(i) = 8*i - 12. Calculate z(-4).
-44
Let y(t) = t - 15. Calculate y(9).
-6
Let b(j) = j**3 - 5*j**2 - 6*j + 7. What is b(4)?
-33
Let r(p) = -2*p**3 + 24*p**2 - 3*p + 20. What is r(12)?
-16
Let o(u) = u**3 - 6*u**2 + 5*u - 7. Calculate o(5).
-7
Let s(n) = n**2 + 9*n - 3. What is s(-9)?
-3
Let i(b) = b**3 - 6*b**2 + 5*b - 5. Give i(4).
-17
Let c(p) = p + 3. Determine c(-6).
-3
Let a(c) = -11*c - 284. Give a(-26).
2
Let j(n) = -2*n**2 + 26*n - 14. Calculate j(12).
10
Let w(r) = r**3 + 7*r**2 - 2*r - 8. What is w(-7)?
6
Let z(l) = 2*l + 36. Give z(6).
48
Let n(o) = 69*o - 195. Calculate n(3).
12
Let k(m) = -m**2 + 22*m + 39. Calculate k(25).
-36
Let c(w) = -w**3 - 4*w**2 + 14*w + 36. Determine c(-6).
24
Let k(u) = -78*u - 700. Calculate k(-9).
2
Let y(p) = -4*p**2 + 4*p + 7. Calculate y(4).
-41
Let u(a) = -a**2 - 9*a - 3. Determine u(-8).
5
Let u(c) = -c + 55. Calculate u(0).
55
Let q(k) = -k**3 - 2*k**2 + 4*k - 4. Give q(2).
-12
Let l(z) = 2*z + 1. What is l(10)?
21
Let d(g) = -g**2 + 6*g + 11. Give d(8).
-5
Let o(c) = -c**2 + 5*c + 11. Give o(8).
-13
Let v(j) = -j**3 - 8*j**2 + j - 4. What is v(-8)?
-12
Let o(g) = g**3 - 3*g**2 + 2*g + 2. What is o(2)?
2
Let j(r) = -r**2 + 37*r + 9. Give j(37).
9
Let m(v) = 2*v - 193. Calculate m(0).
-193
Let i(k) = -14*k + 32. Calculate i(6).
-52
Let w(g) = -7*g**2 + g - 7. What is w(3)?
-67
Let z(h) = -12*h - 5. Determine z(4).
-53
Let x(g) = -26*g**3 + 2*g**2 - 2*g. Determine x(-2).
220
Let w(n) = 5*n - 33. Determine w(4).
-13
Let f(w) = -w**2 + 7*w + 6. Calculate f(7).
6
Let f(j) = -2*j - 6. Give f(4).
-14
Let z(r) = -r**3 + 20*r**2 + 47*r - 57. Determine z(22).
9
Let m(b) = 19*b + 8. What is m(-1)?
-11
Let h(n) = 24*n - 204. Give h(7).
-36
Let n(t) = -16*t**2 + 7*t + 6. What is n(3)?
-117
Let x(u) = -5*u + 206. Determine x(42).
-4
Let b(p) = 2*p - 16. What is b(12)?
8
Let g(x) = 2*x**3 + 5*x**2 - 8*x + 4. What is g(-5)?
-81
Let j(l) = -l**3 + 4*l**2 - 5*l + 4. Determine j(2).
2
Let k(v) = v**3 + 17*v**2 - 17*v + 12. Give k(-18).
-6
Let z(l) = 2*l - 9. Give z(7).
5
Let x(n) = n**2 - 7*n + 6. Give x(9).
24
Let k(p) = p**3 + 13*p**2 + 9*p - 21. What is k(-12)?
15
Let h(r) = 4*r**3 + 2*r**2 + 2*r - 4. Calculate h(-2).
-32
Let i(x) = -x**2 + 4*x + 3. Determine i(-1).
-2
Let j(u) = -u**3 + 10*u**2 - 21*u - 13. Calculate j(6).
5
Let t(h) = h**3 - 5*h**2 + 11*h - 5. What is t(5)?
50
Let m(h) = h**3 - 8*h**2 + 9*h - 7. Give m(7).
7
Let r(j) = j - 2. Give r(2).
0
Let j(h) = -h**2 - 6*h